MONTHLY CLIMATOLOGICAL SUMMARY for APR. 2018

NAME: Vejrstation Sortsų Strand   CITY: Sortsų Strand STATE: Denmark
ELEV: 3 LAT: 054:56:60 LONG: -011:58:60

                            TEMPERATURE ( °C), RAIN (mm), WIND SPEED (m/s)

                                               HEAT     COOL           AVG
      MEAN                                     DEG      DEG            WIND                       DOM
DAY   TEMP    HIGH   TIME     LOW    TIME      DAYS     DAYS    RAIN   SPEED    HIGH    TIME      DIR
--------------------------------------------------------------------------------------------------------
01    01.0    02.0   13:38    00.0   07:18     17.3     00.0    11.2   05.7     12.9    00:09      NW
02    03.0    06.2   18:00    00.8   04:24     15.3     00.0    00.0   01.7     08.2    00:16      W 
03    04.7    09.4   15:19    02.5   09:05     13.6     00.0    00.5   00.4     05.1    08:54      E 
04    08.2    12.9   13:36    04.6   02:15     10.1     00.0    01.5   02.0     09.8    23:54      SE
05    07.4    12.3   14:39    03.3   23:30     10.9     00.0    01.0   02.4     13.9    19:17      SW
06    05.7    09.9   17:23    02.8   05:41     12.6     00.0    00.0   02.1     11.8    08:47      SW
07    06.0    09.1   15:41    03.9   06:38     12.3     00.0    00.0   04.2     09.8    12:18      E 
08    08.8    15.1   15:21    03.8   04:38     09.5     00.0    00.0   01.2     05.1    16:39     ESE
09    10.6    17.7   12:25    07.3   21:35     07.7     00.0    00.0   01.1     07.2    13:59     NNW
10    06.9    08.3   02:09    05.0   00:00     11.4     00.0    00.0   03.2     18.0    18:55     NNE
11    04.7    05.0   10:48    04.2   11:00     13.6     00.0    00.0   04.7     16.5    18:23      NE
12    05.7    08.0   13:26    04.6   10:15     12.6     00.0    00.0   04.6     18.0    17:55      NE
13    06.6    07.7   16:03    05.9   10:49     11.7     00.0    00.0   03.0     12.9    16:49     NNE
14    07.1    07.1   00:00    07.1   00:00     11.2     00.0    00.0   00.0     00.0    00:00      N 
15    06.8    09.5   12:22    04.2   23:15     11.5     00.0    01.0   00.7     07.2    16:13     ENE
16    07.0    10.9   17:13    04.4   00:56     11.3     00.0    00.0   00.8     06.2    09:42     ENE
17    08.8    13.8   17:32    05.6   08:15     09.5     00.0    00.0   01.1     06.7    07:19      W 
18    13.1    20.4   15:02    06.4   03:25     05.2     00.0    00.0   00.9     08.7    15:17     WSW
19    12.5    19.4   14:30    07.3   06:14     05.8     00.0    00.0   00.8     05.7    16:18      SE
20    15.8    25.8   15:51    07.9   04:35     02.5     00.0    00.0   01.7     09.8    18:26      S 
21    12.5    16.6   16:26    08.9   04:42     05.8     00.0    00.0   01.8     08.7    13:08      W 
22    10.2    13.1   10:40    06.0   04:19     08.1     00.0    00.0   02.1     08.2    23:53      E 
23    12.0    16.3   15:35    07.6   06:08     06.3     00.0    00.0   02.7     13.9    14:21      SW
24    10.3    14.0   16:10    07.4   01:51     08.0     00.0    00.3   02.8     13.9    14:22     SSW
--------------------------------------------------------------------------------------------------------
08.1 (8.6)   25.8  day 20     00.0  day 25   244.0    000.0   015.5   02.1     18.0   day 10     NNE
Min <=   30: 24
Max Rain: 11.2 ON 1-04-18
Days of Rain: 6 (> .2mm) 1 (> 2mm) 0 (> 20mm)