MONTHLY CLIMATOLOGICAL SUMMARY for NOV. 2018

NAME: Vejrstation Sortsų Strand   CITY: Sortsų Strand STATE: Denmark
ELEV: 3 LAT: 054:56:60 LONG: -011:58:60

                            TEMPERATURE ( °C), RAIN (mm), WIND SPEED (m/s)

                                               HEAT     COOL           AVG
      MEAN                                     DEG      DEG            WIND                       DOM
DAY   TEMP    HIGH   TIME     LOW    TIME      DAYS     DAYS    RAIN   SPEED    HIGH    TIME      DIR
--------------------------------------------------------------------------------------------------------
01    10.1    11.3   10:21    09.4   04:18     08.2     00.0    00.0   01.2     08.7    11:11      NE
02    10.9    12.2   13:37    09.3   09:06     07.4     00.0    00.0   00.7     13.4    15:05      SE
03    10.1    11.7   12:21    05.8   07:58     08.2     00.0    00.0   00.2     05.1    14:49     NNE
04    09.5    09.6   12:41    09.1   09:44     08.8     00.0    00.0   01.2     08.7    12:18     ENE
05    09.4    09.4   00:00    09.4   00:00     08.9     00.0    00.0   00.0     00.0    00:00      N 
06    10.8    13.3   13:02    09.2   07:51     07.5     00.0    00.0   00.1     04.1    14:06     NNE
07    10.2    11.3   12:14   -23.4   08:33     08.1     00.0    00.0   00.4     04.6    10:34     ENE
08    05.3    11.0   14:09   -32.4   08:33     13.0     00.0    00.0   00.0     03.1    13:23     NNE
09    10.2    10.9   09:39    08.8   09:40     08.1     00.0    00.0   00.3     05.1    12:58     NNE
10    09.9    10.4   14:39    09.2   10:25     08.4     00.0    00.0   00.8     09.3    11:11      NE
11    10.9    12.2   11:57    10.3   10:12     07.4     00.0    00.0   00.2     05.7    11:58      NE
12    11.4    11.4   00:00    11.4   00:00     06.9     00.0    00.0   00.0     00.0    00:00      N 
13    11.2    11.5   12:53    09.6   10:17     07.1     00.0    00.0   00.3     08.7    12:43      NE
14    10.2    11.1   09:39    09.3   00:00     08.1     00.0    00.0   00.2     07.7    10:23      N 
15    09.9    11.4   12:40    09.1   08:54     08.4     00.0    00.0   00.3     05.1    11:57     ENE
--------------------------------------------------------------------------------------------------------
10.0 (7.8)   13.3  day 06    -32.4  day 08   124.5    000.0   000.0   00.4     13.4   day 01      NE
Min <=   30: 15
Min <= -18: 2
Min <=  -5: 2
Min <= -10: 2
Min <= -15: 2
Min <= -20: 2
Min <= -25: 1
Max Rain: 0.0 ON 0-11-18
Days of Rain: 0 (> .2mm) 0 (> 2mm) 0 (> 20mm)