MONTHLY CLIMATOLOGICAL SUMMARY for JAN. 2019

NAME: Vejrstation Sortsų Strand   CITY: Sortsų Strand STATE: Denmark
ELEV: 3 LAT: 054:56:60 LONG: -011:58:60

                            TEMPERATURE ( °C), RAIN (mm), WIND SPEED (m/s)

                                               HEAT     COOL           AVG
      MEAN                                     DEG      DEG            WIND                      DOM
DAY   TEMP    HIGH   TIME     LOW    TIME      DAYS     DAYS    RAIN   SPEED   HIGH    TIME      DIR
--------------------------------------------------------------------------------------------------------
01    06.5    07.8   03:29    03.1   22:15     11.8     00.0    00.8   06.9     18.0    21:08     WNW
02    03.6    05.8   01:08    01.7   22:23     14.7     00.0    00.0   10.5     22.1    02:37      NW
03    02.4    04.9   00:00    00.8   13:21     15.9     00.0    00.0   01.9     08.2    12:52     WSW
04    04.6    06.7   13:13    00.8   01:07     13.7     00.0    00.0   02.9     10.3    08:57      W 
05    05.0    06.7   00:54   -00.6   16:31     13.3     00.0    00.0   03.7     10.3    01:11      NW
06    01.8    05.5   23:45   -00.6   04:03     16.5     00.0    00.5   00.1     02.6    23:09     SSW
07    05.1    06.9   11:02    03.9   14:33     13.2     00.0    03.6   01.0     11.3    21:34     SSW
08    04.6    06.5   02:05    01.6   23:59     13.7     00.0    04.6   06.8     17.0    12:09     WNW
09    01.7    02.9   01:49   -00.9   19:06     16.6     00.0    00.0   09.0     18.0    03:41      NW
10    00.5    06.6   00:00   -00.9   06:33     17.8     00.0    00.0   01.8     07.2    08:57     WNW
11    04.8    06.6   13:30    01.6   01:31     13.5     00.0    00.5   01.7     09.3    14:38      N 
12    04.7    04.7   00:00    04.7   00:00     13.6     00.0    00.0   00.0     00.0    00:00      N 
13    05.4    07.4   14:00    01.6   20:23     12.9     00.0    01.0   02.2     16.0    23:45      W 
14    02.6    04.7   00:00    01.6   07:34     15.7     00.0    00.0   09.2     19.0    07:28      W 
15    04.9    06.8   00:00    02.4   03:58     13.4     00.0    04.6   03.4     14.9    02:44      SW
16    06.4    07.4   03:15    03.9   18:58     11.9     00.0    02.8   03.2     14.4    21:12     SSW
17    03.6    05.0   13:08   -00.4   15:11     14.7     00.0    01.8   04.6     14.4    13:27      W 
18    00.5    02.6   12:28   -01.8   08:39     17.8     00.0    00.0   02.3     13.4    00:09      SW
19    00.1    01.6   00:12   -01.6   21:43     18.2     00.0    00.0   00.5     05.1    12:37      S 
20   -00.8    00.8   12:30   -01.7   21:03     19.1     00.0    00.0   00.6     05.1    23:32     SSW
21    00.2    02.9   20:09   -02.1   08:40     18.1     00.0    00.0   01.1     08.2    15:59      S 
22    00.1    01.8   00:39   -00.9   11:43     18.2     00.0    00.0   01.8     08.7    19:58      SE
--------------------------------------------------------------------------------------------------------
03.1 (2.9)   07.8  day 01    -02.1  day 21   334.4    000.0   020.1   03.4     22.1   day 02     WNW
Min <=   30: 22
Max Rain: 4.6 ON 8-01-19
Days of Rain: 9 (> .2mm) 4 (> 2mm) 0 (> 20mm)