MONTHLY CLIMATOLOGICAL SUMMARY for JUL. 2018

NAME: Vejrstation Sortsų Strand   CITY: Sortsų Strand STATE: Denmark
ELEV: 3 LAT: 054:56:60 LONG: -011:58:60

                            TEMPERATURE ( °C), RAIN (mm), WIND SPEED (m/s)

                                               HEAT     COOL           AVG
      MEAN                                     DEG      DEG            WIND                       DOM
DAY   TEMP    HIGH   TIME     LOW    TIME      DAYS     DAYS    RAIN   SPEED    HIGH    TIME      DIR
--------------------------------------------------------------------------------------------------------
01    16.8    20.6   14:36    11.5   00:00     01.5     00.0    00.0   01.8     10.8    13:14      E 
02    18.6    23.4   15:56    11.2   02:15     00.0     00.3    00.0   03.2     11.8    13:11     WNW
03    19.5    23.6   16:43    14.4   03:34     00.0     01.2    00.0   01.3     07.7    14:07     WNW
04    18.0    20.1   17:47    15.3   03:47     00.3     00.0    00.0   02.1     08.7    15:56     WNW
05    17.4    19.1   18:43    16.3   08:53     00.9     00.0    00.0   00.9     08.7    21:48     WSW
06    18.2    22.0   17:28    15.7   04:46     00.1     00.0    00.0   02.3     10.3    17:12      W 
07    18.9    23.2   17:32    15.8   07:54     00.0     00.6    00.0   01.3     11.8    09:51      W 
08    19.6    23.6   18:49    16.9   04:26     00.0     01.3    00.0   02.1     09.3    23:18      W 
09    16.6    18.7   00:03    14.8   04:30     01.7     00.0    00.0   02.2     10.8    12:22      W 
10    16.5    18.6   12:12    15.0   09:55     01.8     00.0    01.0   01.8     10.3    19:54      NE
11    18.9    21.3   15:48    17.9   10:12     00.0     00.6    00.0   02.0     09.3    10:16     NNE
12    21.5    25.3   17:49    19.1   09:38     00.0     03.2    00.0   00.5     05.7    13:25      NE
13    22.3    25.3   16:48    19.0   00:00     00.0     04.0    00.3   00.7     08.2    15:36     WNW
14    16.9    19.2   18:33    15.0   07:14     01.4     00.0    00.0   02.2     08.7    06:50     WNW
15    19.1    23.6   16:34    16.1   00:00     00.0     00.8    00.0   00.8     07.7    15:32     WNW
16    20.6    25.8   15:23    15.0   05:08     00.0     02.3    00.0   00.6     05.1    15:39      NW
17    21.1    25.8   13:36    16.3   03:49     00.0     02.8    00.0   00.7     06.2    17:26     NNE
--------------------------------------------------------------------------------------------------------
18.8 (19.0)   25.8  day 17     11.2  day 02   007.8    017.1   001.3   01.6     11.8   day 02     WNW
Min <=   30: 17
Max Rain: 1.0 ON 10-07-18
Days of Rain: 2 (> .2mm) 0 (> 2mm) 0 (> 20mm)