MONTHLY CLIMATOLOGICAL SUMMARY for APR. 2019

NAME: Vejrstation Sortsų Strand   CITY: Sortsų Strand STATE: Denmark
ELEV: 3 LAT: 054:56:60 LONG: -011:58:60

                            TEMPERATURE ( °C), RAIN (mm), WIND SPEED (m/s)

                                               HEAT     COOL           AVG
      MEAN                                     DEG      DEG            WIND                      DOM
DAY   TEMP    HIGH   TIME     LOW    TIME      DAYS     DAYS    RAIN   SPEED   HIGH    TIME      DIR
--------------------------------------------------------------------------------------------------------
01    05.9    06.8   11:36    02.3   07:58     12.4     00.0    00.0   01.2     06.7    17:22     ENE
02    06.5    08.4   15:22    05.1   08:06     11.8     00.0    00.0   03.6     13.4    14:26      E 
03    08.5    11.4   11:55    07.6   08:33     09.8     00.0    00.0   00.9     07.7    14:35      NE
04    09.1    10.7   16:35    07.6   07:46     09.2     00.0    00.0   02.6     09.8    10:38     ENE
05    08.9    11.1   13:56    07.5   07:10     09.4     00.0    00.0   02.9     10.3    17:14      NE
06    09.0    10.9   16:01    07.5   08:41     09.3     00.0    00.0   02.0     08.7    15:59      NE
07    10.2    13.4   15:17    06.4   07:53     08.1     00.0    00.0   00.6     05.1    07:42      NE
08    08.4    11.2   07:40    06.1   07:44     09.9     00.0    00.0   02.8     10.3    09:43      NE
09    06.1    07.0   08:14    03.7   08:16     12.2     00.0    00.0   01.7     09.3    11:56      N 
10    05.0    05.8   08:30    02.6   08:35     13.3     00.0    00.0   02.2     08.7    12:48     NNE
11    04.1    04.8   08:15    02.4   08:29     14.2     00.0    00.0   01.4     05.7    12:26      NE
12    03.6    03.9   18:39    01.9   07:59     14.7     00.0    00.0   02.1     08.7    17:06      NE
13    03.6    04.0   13:56    02.5   15:26     14.7     00.0    00.3   02.8     12.9    10:13     NNE
14    05.0    06.5   15:12    03.6   07:56     13.3     00.0    00.0   03.9     13.4    14:11      NE
15    05.7    07.3   16:07    03.6   07:25     12.6     00.0    00.0   03.3     11.8    14:58      NE
16    06.5    07.7   18:29    03.9   07:24     11.8     00.0    00.0   03.0     09.3    19:09     ENE
17    08.4    10.8   17:35    05.7   07:31     09.9     00.0    00.0   02.5     08.7    17:18      NE
18    09.4    11.1   13:34    06.4   07:24     08.9     00.0    00.0   02.5     08.7    08:29      NE
19    09.7    11.6   11:37    06.8   07:27     08.6     00.0    00.0   01.6     07.2    09:11     ENE
20    11.4    14.8   18:36    03.6   07:07     06.9     00.0    00.0   00.4     04.6    14:41      NE
21    14.2    17.2   16:17    07.8   07:24     04.1     00.0    00.0   00.6     04.1    17:31     NNW
22    12.9    16.4   08:31    09.8   08:32     05.4     00.0    00.0   03.2     12.9    15:53     ENE
23    11.7    14.0   15:43    10.6   08:31     06.6     00.0    00.0   04.6     17.5    11:47     ENE
24    12.0    13.8   16:42    11.3   08:27     06.3     00.0    00.0   03.6     11.8    12:05     ENE
--------------------------------------------------------------------------------------------------------
08.2 (7.9)   17.2  day 21     01.9  day 12   243.3    000.0   000.3   02.3     17.5   day 23      NE
Min <=   30: 24
Max Rain: 0.3 ON 13-04-19
Days of Rain: 1 (> .2mm) 0 (> 2mm) 0 (> 20mm)