MONTHLY CLIMATOLOGICAL SUMMARY for FEB. 2018

NAME: Vejrstation Sortsų Strand   CITY: Sortsų Strand STATE: Denmark
ELEV: 3 LAT: 054:56:60 LONG: -011:58:60

                            TEMPERATURE ( °C), RAIN (mm), WIND SPEED (m/s)

                                               HEAT     COOL           AVG
      MEAN                                     DEG      DEG            WIND                       DOM
DAY   TEMP    HIGH   TIME     LOW    TIME      DAYS     DAYS    RAIN   SPEED    HIGH    TIME      DIR
--------------------------------------------------------------------------------------------------------
01    03.0    03.8   18:56    02.1   08:18     15.3     00.0    00.0   02.7     10.3    22:35     SSW
02    03.1    04.1   12:16    00.0   00:00     15.2     00.0    00.0   01.5     09.8    03:07     SSW
03   -01.1    00.9   00:02   -02.6   05:51     19.4     00.0    00.0   04.1     08.7    08:23     NNW
04    00.9    02.1   07:34   -00.9   05:45     17.4     00.0    00.0   06.7     13.9    09:18     NNE
05   -01.0    00.2   00:10   -02.7   21:02     19.3     00.0    00.0   03.0     08.7    01:57     NNE
06   -02.4   -01.2   15:10   -05.1   23:57     20.7     00.0    00.0   00.5     05.1    04:13      NE
07   -02.1    01.3   13:24   -05.0   00:24     20.4     00.0    00.0   00.0     02.1    15:11      S 
08   -01.4    02.7   14:03   -04.2   07:46     19.7     00.0    00.0   00.2     04.1    13:43      SW
09   -01.5    00.7   14:44   -04.5   05:56     19.8     00.0    00.0   01.8     08.7    17:50      SE
10   -00.4    01.5   12:17   -02.4   05:14     18.7     00.0    00.0   00.8     05.7    10:51      SE
11    01.6    03.1   20:44   -00.1   02:14     16.7     00.0    00.0   02.2     11.8    23:27      S 
12    02.0    03.2   13:43    00.0   00:00     16.3     00.0    00.0   03.5     13.9    13:49      SW
13    01.0    03.4   13:26   -00.5   22:12     17.3     00.0    00.0   00.6     06.7    10:20     SSW
14    01.1    04.2   14:30   -01.1   04:31     17.2     00.0    00.0   01.7     08.7    23:59      SE
15    00.2    01.4   13:45   -00.7   09:10     18.1     00.0    00.0   04.8     14.9    14:00      SE
16    03.0    05.6   14:20    00.6   00:09     15.3     00.0    01.0   01.4     10.8    14:05     WSW
17    02.8    03.9   14:20    01.9   23:59     15.5     00.0    00.0   00.1     05.7    00:07      NW
18    02.2    04.3   12:51    00.4   19:19     16.1     00.0    00.0   00.4     06.7    14:46      SW
19    01.8    04.6   14:42   -00.2   07:46     16.5     00.0    00.0   00.4     04.1    18:03      S 
--------------------------------------------------------------------------------------------------------
00.7 (0.7)   05.6  day 16    -05.1  day 06   334.8    000.0   004.1   01.9     14.9   day 04      SE
Max <=   0: 1
Min <=   30: 19
Min <=  -5: 2
Max Rain: 1.0 ON 16-02-18
Days of Rain: 1 (> .2mm) 0 (> 2mm) 0 (> 20mm)