MONTHLY CLIMATOLOGICAL SUMMARY for NOV. 2017

NAME: Vejrstation Sortsų Strand   CITY: Sortsų Strand STATE: Denmark
ELEV: 3 LAT: 054:56:60 LONG: -011:58:60

                            TEMPERATURE ( °C), RAIN (mm), WIND SPEED (m/s)

                                               HEAT     COOL           AVG
      MEAN                                     DEG      DEG            WIND                       DOM
DAY   TEMP    HIGH   TIME     LOW    TIME      DAYS     DAYS    RAIN   SPEED    HIGH    TIME      DIR
----------------------------------------------------------------------------------------------------------------------------------------------------------
01    08.0    08.0   00:00    08.0   00:00     10.3     00.0    00.0   00.0     00.0    00:00      N 
02    08.0    08.0   00:00    08.0   00:00     10.3     00.0    00.0   00.0     00.0    00:00      N 
03    09.4    10.8   12:46    08.0   09:44     08.9     00.0    00.0   00.1     05.1    14:15     NNW
04    10.4    10.4   00:00    10.4   00:00     07.9     00.0    00.0   00.0     00.0    00:00      N 
05    11.1    11.5   00:00    10.4   09:18     07.2     00.0    00.0   00.0     04.1    09:33      N 
06    10.0    11.5   09:39    08.6   09:45     08.3     00.0    00.0   00.4     07.7    11:27     NNW
07    08.5    09.0   00:00    03.9   08:09     09.8     00.0    00.0   00.0     02.6    11:23      N 
08    09.0    09.0   00:00    09.0   00:00     09.3     00.0    00.0   00.0     00.0    00:00      N 
09    09.0    09.0   00:00    09.0   00:00     09.3     00.0    00.0   00.0     00.0    00:00      N 
10    09.0    09.0   00:00    09.0   00:00     09.3     00.0    00.0   00.0     00.0    00:00      N 
11    07.5    09.0   09:15    04.9   13:02     10.8     00.0    00.0   00.6     10.3    09:35      NW
12    06.7    07.6   12:04    05.8   08:20     11.6     00.0    00.0   00.3     07.7    09:50      NW
13    06.7    06.7   00:00    06.7   00:00     11.6     00.0    00.0   00.0     00.0    00:00      N 
14    06.7    06.7   00:00    06.7   00:00     11.6     00.0    00.0   00.0     00.0    00:00      N 
15    06.7    06.7   00:00    06.7   00:00     11.6     00.0    00.0   00.0     00.0    00:00      N 
16    06.7    06.7   00:00    06.7   00:00     11.6     00.0    00.0   00.0     00.0    00:00      N 
17    07.3    08.9   13:16    06.7   12:03     11.0     00.0    00.0   00.1     08.2    13:03     NNW
19    06.3    07.6   14:06    04.8   14:08     12.0     00.0    00.0   01.6     17.0    12:22      NW
20    05.6    06.6   12:53    05.1   09:55     12.7     00.0    00.0   00.2     07.7    10:58     NNW
21    05.8    05.8   00:00    05.8   00:00     12.5     00.0    00.0   00.0     00.0    00:00      N 
----------------------------------------------------------------------------------------------------------------------------------------------------------
07.9 (7.8)   11.5  day 06     03.9  day 07   207.4    000.0   000.0   00.2     17.0   day 19     NNW
Min <=   30: 20
Max Rain: 0.0 ON 0-11-17
Days of Rain: 0 (> .2mm) 0 (> 2mm) 0 (> 20mm)